{"id":75,"date":"2020-01-27T08:29:32","date_gmt":"2020-01-27T08:29:32","guid":{"rendered":"https:\/\/demosites.io\/web-agency-gb\/?page_id=75"},"modified":"2022-06-14T11:29:25","modified_gmt":"2022-06-14T08:29:25","slug":"15c42-web-agency-gb-contact-us","status":"publish","type":"page","link":"https:\/\/livametal.com\/?page_id=75","title":{"rendered":"\u0130LET\u0130\u015e\u0130M"},"content":{"rendered":"\n<p><\/p>\n\n\n\n<div class=\"wp-block-cover alignfull is-light has-parallax\" style=\"background-image:url(https:\/\/livametal.com\/wp-content\/uploads\/2022\/05\/Ekran-goruntusu-2022-05-14-172651.png);min-height:375px;aspect-ratio:unset;\"><span aria-hidden=\"true\" class=\"wp-block-cover__background has-background-dim-40 has-background-dim\" style=\"background-color:#000000\"><\/span><div class=\"wp-block-cover__inner-container is-layout-flow wp-block-cover-is-layout-flow\">\n<div class=\"wp-block-columns alignwide is-layout-flex wp-container-core-columns-is-layout-9d6595d7 wp-block-columns-is-layout-flex\">\n<div class=\"wp-block-column is-layout-flow wp-block-column-is-layout-flow\" style=\"flex-basis:60%\">\n<div class=\"wp-block-buttons is-layout-flex wp-block-buttons-is-layout-flex\"><\/div>\n<\/div>\n\n\n\n<div class=\"wp-block-column is-layout-flow wp-block-column-is-layout-flow\"><\/div>\n<\/div>\n<\/div><\/div>\n\n\n\n<p><\/p>\n\n\n\n<div class=\"wp-block-media-text alignwide has-media-on-the-right is-stacked-on-mobile is-vertically-aligned-center has-neve-text-color-background-color has-background\"><figure class=\"wp-block-media-text__media\"><img loading=\"lazy\" decoding=\"async\" width=\"477\" height=\"421\" src=\"https:\/\/livametal.com\/wp-content\/uploads\/2022\/05\/dukkan-.png\" alt=\"\" class=\"wp-image-443 size-full\" srcset=\"https:\/\/livametal.com\/wp-content\/uploads\/2022\/05\/dukkan-.png 477w, https:\/\/livametal.com\/wp-content\/uploads\/2022\/05\/dukkan--300x265.png 300w\" sizes=\"auto, (max-width: 477px) 100vw, 477px\" \/><\/figure><div class=\"wp-block-media-text__content\">\n<div class=\"wp-block-group\" style=\"padding-top:2em;padding-right:2em;padding-bottom:2em;padding-left:2em\"><div class=\"wp-block-group__inner-container is-layout-flow wp-block-group-is-layout-flow\">\n<p class=\"has-nv-site-bg-color has-neve-text-color-background-color has-text-color has-background has-medium-font-size\" style=\"line-height:1.2\">DEREC\u0130K MAH. RECEP TAYY\u0130P ERDO\u011eAN BULVARI NO:74 \u0130LKADIM\/SAMSUN<\/p>\n\n\n\n<p class=\"has-nv-site-bg-color has-text-color has-extra-small-font-size\">           0 (362) 504 82 81<\/p>\n\n\n\n<p><\/p>\n<\/div><\/div>\n<\/div><\/div>\n\n\n\n<div class=\"wp-block-media-text alignwide is-stacked-on-mobile is-vertically-aligned-center has-background\" style=\"background-color:#fffdea\"><figure class=\"wp-block-media-text__media\"><img loading=\"lazy\" decoding=\"async\" width=\"567\" height=\"495\" src=\"https:\/\/livametal.com\/wp-content\/uploads\/2022\/05\/YENI-FABRIKA-.png\" alt=\"\" class=\"wp-image-444 size-full\" srcset=\"https:\/\/livametal.com\/wp-content\/uploads\/2022\/05\/YENI-FABRIKA-.png 567w, https:\/\/livametal.com\/wp-content\/uploads\/2022\/05\/YENI-FABRIKA--300x262.png 300w\" sizes=\"auto, (max-width: 567px) 100vw, 567px\" \/><\/figure><div class=\"wp-block-media-text__content\">\n<div class=\"wp-block-group\" style=\"padding-top:2em;padding-right:2em;padding-bottom:2em;padding-left:2em\"><div class=\"wp-block-group__inner-container is-layout-flow wp-block-group-is-layout-flow\">\n<p class=\"has-medium-font-size\" style=\"line-height:1.2\">SAMSUN KAVAK OSB 1.CADDE L\u0130VA METAL<\/p>\n\n\n\n<p class=\"has-extra-small-font-size\">0 (362) 741 26 26<\/p>\n<\/div><\/div>\n<\/div><\/div>\n\n\n\n<div class=\"wp-block-cover alignfull\" style=\"min-height:420px;aspect-ratio:unset;\"><span aria-hidden=\"true\" class=\"wp-block-cover__background has-nv-light-bg-background-color has-background-dim-100 has-background-dim\"><\/span><div class=\"wp-block-cover__inner-container is-layout-flow wp-block-cover-is-layout-flow\">\n<div style=\"height:80px\" aria-hidden=\"true\" class=\"wp-block-spacer\"><\/div>\n\n\n\n<div class=\"wp-block-columns is-layout-flex wp-container-core-columns-is-layout-9d6595d7 wp-block-columns-is-layout-flex\">\n<div class=\"wp-block-column ticss-4ce656f1 is-layout-flow wp-block-column-is-layout-flow\">\n<div style=\"height:24px\" aria-hidden=\"true\" class=\"wp-block-spacer\"><\/div>\n\n\n<div class=\"wp-block-image icon-style is-style-default\">\n<figure class=\"aligncenter size-large\"><img loading=\"lazy\" decoding=\"async\" width=\"63\" height=\"63\" src=\"https:\/\/livametal.com\/wp-content\/uploads\/2021\/06\/phone-sm.png\" alt=\"\" class=\"wp-image-304\"\/><\/figure>\n<\/div>\n\n\n<h3 class=\"has-text-align-center has-neve-text-color-color has-text-color wp-block-heading\">TELEFON<\/h3>\n\n\n\n<p class=\"has-text-align-center has-neve-text-color-color has-text-color\" style=\"font-size:15px\">0(362) 741 26 26 | PAZARTES\u0130 &#8211; CUMARTES\u0130<\/p>\n\n\n\n<div style=\"height:24px\" aria-hidden=\"true\" class=\"wp-block-spacer\"><\/div>\n<\/div>\n\n\n\n<div class=\"wp-block-column ticss-f6fc7494 is-layout-flow wp-block-column-is-layout-flow\">\n<div style=\"height:24px\" aria-hidden=\"true\" class=\"wp-block-spacer\"><\/div>\n\n\n<div class=\"wp-block-image icon-style is-style-default\">\n<figure class=\"aligncenter size-large\"><img decoding=\"async\" src=\"https:\/\/livametal.com\/wp-content\/uploads\/2021\/06\/email-sm.png\" alt=\"\" class=\"wp-image-306\"\/><\/figure>\n<\/div>\n\n\n<h3 class=\"has-text-align-center has-neve-text-color-color has-text-color wp-block-heading\">E-mail<\/h3>\n\n\n\n<p class=\"has-text-align-center has-neve-text-color-color has-text-color\" style=\"font-size:15px\">samsunlivametal@gmail.com<\/p>\n\n\n\n<div style=\"height:24px\" aria-hidden=\"true\" class=\"wp-block-spacer\"><\/div>\n<\/div>\n\n\n\n<div class=\"wp-block-column ticss-a5b4df29 is-layout-flow wp-block-column-is-layout-flow\">\n<div style=\"height:24px\" aria-hidden=\"true\" class=\"wp-block-spacer\"><\/div>\n\n\n<div class=\"wp-block-image icon-style is-style-default\">\n<figure class=\"aligncenter size-large\"><img loading=\"lazy\" decoding=\"async\" width=\"49\" height=\"65\" src=\"https:\/\/livametal.com\/wp-content\/uploads\/2021\/06\/location-sm.png\" alt=\"\" class=\"wp-image-305\"\/><\/figure>\n<\/div>\n\n\n<h3 class=\"has-text-align-center has-neve-text-color-color has-text-color wp-block-heading\">ADRES<\/h3>\n\n\n\n<p class=\"has-text-align-center has-neve-text-color-color has-text-color\" style=\"font-size:15px\">SAMSUN\/KAVAK<\/p>\n\n\n\n<div style=\"height:24px\" aria-hidden=\"true\" class=\"wp-block-spacer\"><\/div>\n<\/div>\n<\/div>\n\n\n\n<div style=\"height:30px\" aria-hidden=\"true\" class=\"wp-block-spacer\"><\/div>\n<\/div><\/div>\n","protected":false},"excerpt":{"rendered":"","protected":false},"author":1,"featured_media":0,"parent":0,"menu_order":0,"comment_status":"closed","ping_status":"closed","template":"","meta":{"neve_meta_sidebar":"default","neve_meta_container":"default","neve_meta_enable_content_width":"on","neve_meta_content_width":100,"neve_meta_title_alignment":"","neve_meta_author_avatar":"","neve_post_elements_order":"","neve_meta_disable_header":"","neve_meta_disable_footer":"","neve_meta_disable_title":"on","footnotes":""},"class_list":["post-75","page","type-page","status-publish","hentry"],"yoast_head":"<!-- This site is optimized with the Yoast SEO plugin v27.4 - https:\/\/yoast.com\/product\/yoast-seo-wordpress\/ -->\n<title>\u0130LET\u0130\u015e\u0130M - METAL<\/title>\n<meta name=\"description\" content=\"FABR\u0130KA ADRES: KAVAK OSB 1. CADDE KAVAK\/SAMSUN SAMSUN \u015eUBE ADRES: DEREC\u0130K MAH. RECEP TAYY\u0130P ERDO\u011eAN BULVARI NO: 74 \u0130LKADIM\/SAMSUN\" \/>\n<meta name=\"robots\" content=\"index, follow, max-snippet:-1, max-image-preview:large, max-video-preview:-1\" \/>\n<link rel=\"canonical\" href=\"https:\/\/livametal.com\/?page_id=75\" \/>\n<meta property=\"og:locale\" content=\"tr_TR\" \/>\n<meta property=\"og:type\" content=\"article\" \/>\n<meta property=\"og:title\" content=\"\u0130LET\u0130\u015e\u0130M - METAL\" \/>\n<meta property=\"og:description\" content=\"FABR\u0130KA ADRES: KAVAK OSB 1. CADDE KAVAK\/SAMSUN SAMSUN \u015eUBE ADRES: DEREC\u0130K MAH. RECEP TAYY\u0130P ERDO\u011eAN BULVARI NO: 74 \u0130LKADIM\/SAMSUN\" \/>\n<meta property=\"og:url\" content=\"https:\/\/livametal.com\/?page_id=75\" \/>\n<meta property=\"og:site_name\" content=\"METAL\" \/>\n<meta property=\"article:modified_time\" content=\"2022-06-14T08:29:25+00:00\" \/>\n<meta property=\"og:image\" content=\"https:\/\/livametal.com\/wp-content\/uploads\/2022\/05\/dukkan-.png\" \/>\n<meta name=\"twitter:card\" content=\"summary_large_image\" \/>\n<meta name=\"twitter:label1\" content=\"Tahmini okuma s\u00fcresi\" \/>\n\t<meta name=\"twitter:data1\" content=\"2 dakika\" \/>\n<script type=\"application\/ld+json\" class=\"yoast-schema-graph\">{\"@context\":\"https:\\\/\\\/schema.org\",\"@graph\":[{\"@type\":\"WebPage\",\"@id\":\"https:\\\/\\\/livametal.com\\\/?page_id=75\",\"url\":\"https:\\\/\\\/livametal.com\\\/?page_id=75\",\"name\":\"\u0130LET\u0130\u015e\u0130M - METAL\",\"isPartOf\":{\"@id\":\"https:\\\/\\\/livametal.com\\\/#website\"},\"primaryImageOfPage\":{\"@id\":\"https:\\\/\\\/livametal.com\\\/?page_id=75#primaryimage\"},\"image\":{\"@id\":\"https:\\\/\\\/livametal.com\\\/?page_id=75#primaryimage\"},\"thumbnailUrl\":\"https:\\\/\\\/livametal.com\\\/wp-content\\\/uploads\\\/2022\\\/05\\\/dukkan-.png\",\"datePublished\":\"2020-01-27T08:29:32+00:00\",\"dateModified\":\"2022-06-14T08:29:25+00:00\",\"description\":\"FABR\u0130KA ADRES: KAVAK OSB 1. CADDE KAVAK\\\/SAMSUN SAMSUN \u015eUBE ADRES: DEREC\u0130K MAH. RECEP TAYY\u0130P ERDO\u011eAN BULVARI NO: 74 \u0130LKADIM\\\/SAMSUN\",\"breadcrumb\":{\"@id\":\"https:\\\/\\\/livametal.com\\\/?page_id=75#breadcrumb\"},\"inLanguage\":\"tr\",\"potentialAction\":[{\"@type\":\"ReadAction\",\"target\":[\"https:\\\/\\\/livametal.com\\\/?page_id=75\"]}]},{\"@type\":\"ImageObject\",\"inLanguage\":\"tr\",\"@id\":\"https:\\\/\\\/livametal.com\\\/?page_id=75#primaryimage\",\"url\":\"https:\\\/\\\/livametal.com\\\/wp-content\\\/uploads\\\/2022\\\/05\\\/dukkan-.png\",\"contentUrl\":\"https:\\\/\\\/livametal.com\\\/wp-content\\\/uploads\\\/2022\\\/05\\\/dukkan-.png\",\"width\":477,\"height\":421},{\"@type\":\"BreadcrumbList\",\"@id\":\"https:\\\/\\\/livametal.com\\\/?page_id=75#breadcrumb\",\"itemListElement\":[{\"@type\":\"ListItem\",\"position\":1,\"name\":\"Anasayfa\",\"item\":\"https:\\\/\\\/livametal.com\\\/\"},{\"@type\":\"ListItem\",\"position\":2,\"name\":\"\u0130LET\u0130\u015e\u0130M\"}]},{\"@type\":\"WebSite\",\"@id\":\"https:\\\/\\\/livametal.com\\\/#website\",\"url\":\"https:\\\/\\\/livametal.com\\\/\",\"name\":\"METAL\",\"description\":\"\",\"publisher\":{\"@id\":\"https:\\\/\\\/livametal.com\\\/#organization\"},\"potentialAction\":[{\"@type\":\"SearchAction\",\"target\":{\"@type\":\"EntryPoint\",\"urlTemplate\":\"https:\\\/\\\/livametal.com\\\/?s={search_term_string}\"},\"query-input\":{\"@type\":\"PropertyValueSpecification\",\"valueRequired\":true,\"valueName\":\"search_term_string\"}}],\"inLanguage\":\"tr\"},{\"@type\":\"Organization\",\"@id\":\"https:\\\/\\\/livametal.com\\\/#organization\",\"name\":\"L\u0130VA METAL\",\"url\":\"https:\\\/\\\/livametal.com\\\/\",\"logo\":{\"@type\":\"ImageObject\",\"inLanguage\":\"tr\",\"@id\":\"https:\\\/\\\/livametal.com\\\/#\\\/schema\\\/logo\\\/image\\\/\",\"url\":\"https:\\\/\\\/livametal.com\\\/wp-content\\\/uploads\\\/2022\\\/05\\\/LIVA-LOGO.jpg\",\"contentUrl\":\"https:\\\/\\\/livametal.com\\\/wp-content\\\/uploads\\\/2022\\\/05\\\/LIVA-LOGO.jpg\",\"width\":945,\"height\":453,\"caption\":\"L\u0130VA METAL\"},\"image\":{\"@id\":\"https:\\\/\\\/livametal.com\\\/#\\\/schema\\\/logo\\\/image\\\/\"}}]}<\/script>\n<!-- \/ Yoast SEO plugin. -->","yoast_head_json":{"title":"\u0130LET\u0130\u015e\u0130M - METAL","description":"FABR\u0130KA ADRES: KAVAK OSB 1. CADDE KAVAK\/SAMSUN SAMSUN \u015eUBE ADRES: DEREC\u0130K MAH. RECEP TAYY\u0130P ERDO\u011eAN BULVARI NO: 74 \u0130LKADIM\/SAMSUN","robots":{"index":"index","follow":"follow","max-snippet":"max-snippet:-1","max-image-preview":"max-image-preview:large","max-video-preview":"max-video-preview:-1"},"canonical":"https:\/\/livametal.com\/?page_id=75","og_locale":"tr_TR","og_type":"article","og_title":"\u0130LET\u0130\u015e\u0130M - METAL","og_description":"FABR\u0130KA ADRES: KAVAK OSB 1. CADDE KAVAK\/SAMSUN SAMSUN \u015eUBE ADRES: DEREC\u0130K MAH. RECEP TAYY\u0130P ERDO\u011eAN BULVARI NO: 74 \u0130LKADIM\/SAMSUN","og_url":"https:\/\/livametal.com\/?page_id=75","og_site_name":"METAL","article_modified_time":"2022-06-14T08:29:25+00:00","og_image":[{"url":"https:\/\/livametal.com\/wp-content\/uploads\/2022\/05\/dukkan-.png","type":"","width":"","height":""}],"twitter_card":"summary_large_image","twitter_misc":{"Tahmini okuma s\u00fcresi":"2 dakika"},"schema":{"@context":"https:\/\/schema.org","@graph":[{"@type":"WebPage","@id":"https:\/\/livametal.com\/?page_id=75","url":"https:\/\/livametal.com\/?page_id=75","name":"\u0130LET\u0130\u015e\u0130M - METAL","isPartOf":{"@id":"https:\/\/livametal.com\/#website"},"primaryImageOfPage":{"@id":"https:\/\/livametal.com\/?page_id=75#primaryimage"},"image":{"@id":"https:\/\/livametal.com\/?page_id=75#primaryimage"},"thumbnailUrl":"https:\/\/livametal.com\/wp-content\/uploads\/2022\/05\/dukkan-.png","datePublished":"2020-01-27T08:29:32+00:00","dateModified":"2022-06-14T08:29:25+00:00","description":"FABR\u0130KA ADRES: KAVAK OSB 1. CADDE KAVAK\/SAMSUN SAMSUN \u015eUBE ADRES: DEREC\u0130K MAH. RECEP TAYY\u0130P ERDO\u011eAN BULVARI NO: 74 \u0130LKADIM\/SAMSUN","breadcrumb":{"@id":"https:\/\/livametal.com\/?page_id=75#breadcrumb"},"inLanguage":"tr","potentialAction":[{"@type":"ReadAction","target":["https:\/\/livametal.com\/?page_id=75"]}]},{"@type":"ImageObject","inLanguage":"tr","@id":"https:\/\/livametal.com\/?page_id=75#primaryimage","url":"https:\/\/livametal.com\/wp-content\/uploads\/2022\/05\/dukkan-.png","contentUrl":"https:\/\/livametal.com\/wp-content\/uploads\/2022\/05\/dukkan-.png","width":477,"height":421},{"@type":"BreadcrumbList","@id":"https:\/\/livametal.com\/?page_id=75#breadcrumb","itemListElement":[{"@type":"ListItem","position":1,"name":"Anasayfa","item":"https:\/\/livametal.com\/"},{"@type":"ListItem","position":2,"name":"\u0130LET\u0130\u015e\u0130M"}]},{"@type":"WebSite","@id":"https:\/\/livametal.com\/#website","url":"https:\/\/livametal.com\/","name":"METAL","description":"","publisher":{"@id":"https:\/\/livametal.com\/#organization"},"potentialAction":[{"@type":"SearchAction","target":{"@type":"EntryPoint","urlTemplate":"https:\/\/livametal.com\/?s={search_term_string}"},"query-input":{"@type":"PropertyValueSpecification","valueRequired":true,"valueName":"search_term_string"}}],"inLanguage":"tr"},{"@type":"Organization","@id":"https:\/\/livametal.com\/#organization","name":"L\u0130VA METAL","url":"https:\/\/livametal.com\/","logo":{"@type":"ImageObject","inLanguage":"tr","@id":"https:\/\/livametal.com\/#\/schema\/logo\/image\/","url":"https:\/\/livametal.com\/wp-content\/uploads\/2022\/05\/LIVA-LOGO.jpg","contentUrl":"https:\/\/livametal.com\/wp-content\/uploads\/2022\/05\/LIVA-LOGO.jpg","width":945,"height":453,"caption":"L\u0130VA METAL"},"image":{"@id":"https:\/\/livametal.com\/#\/schema\/logo\/image\/"}}]}},"_links":{"self":[{"href":"https:\/\/livametal.com\/index.php?rest_route=\/wp\/v2\/pages\/75","targetHints":{"allow":["GET"]}}],"collection":[{"href":"https:\/\/livametal.com\/index.php?rest_route=\/wp\/v2\/pages"}],"about":[{"href":"https:\/\/livametal.com\/index.php?rest_route=\/wp\/v2\/types\/page"}],"author":[{"embeddable":true,"href":"https:\/\/livametal.com\/index.php?rest_route=\/wp\/v2\/users\/1"}],"replies":[{"embeddable":true,"href":"https:\/\/livametal.com\/index.php?rest_route=%2Fwp%2Fv2%2Fcomments&post=75"}],"version-history":[{"count":12,"href":"https:\/\/livametal.com\/index.php?rest_route=\/wp\/v2\/pages\/75\/revisions"}],"predecessor-version":[{"id":503,"href":"https:\/\/livametal.com\/index.php?rest_route=\/wp\/v2\/pages\/75\/revisions\/503"}],"wp:attachment":[{"href":"https:\/\/livametal.com\/index.php?rest_route=%2Fwp%2Fv2%2Fmedia&parent=75"}],"curies":[{"name":"wp","href":"https:\/\/api.w.org\/{rel}","templated":true}]}}