{"id":392,"date":"2022-05-18T15:06:24","date_gmt":"2022-05-18T15:06:24","guid":{"rendered":"https:\/\/livametal.com\/?page_id=392"},"modified":"2022-07-20T11:18:34","modified_gmt":"2022-07-20T08:18:34","slug":"galeri","status":"publish","type":"page","link":"https:\/\/livametal.com\/?page_id=392","title":{"rendered":"GALER\u0130"},"content":{"rendered":"\n<div class=\"wp-block-cover alignfull is-light has-parallax\" style=\"background-image:url(https:\/\/livametal.com\/wp-content\/uploads\/2022\/06\/WhatsApp-Image-2022-06-14-at-10.56.47-5-1.jpeg);min-height:408px;aspect-ratio:unset;\"><span aria-hidden=\"true\" class=\"wp-block-cover__background has-background-dim-40 has-background-dim\" style=\"background-color:#000000\"><\/span><div class=\"wp-block-cover__inner-container is-layout-flow wp-block-cover-is-layout-flow\">\n<div class=\"wp-block-columns alignwide is-layout-flex wp-container-core-columns-is-layout-9d6595d7 wp-block-columns-is-layout-flex\">\n<div class=\"wp-block-column is-layout-flow wp-block-column-is-layout-flow\"><\/div>\n<\/div>\n<\/div><\/div>\n\n\n\n<h2 class=\"wp-block-heading\"><\/h2>\n\n\n\n<div class=\"wp-block-columns is-layout-flex wp-container-core-columns-is-layout-9d6595d7 wp-block-columns-is-layout-flex\">\n<div class=\"wp-block-column is-layout-flow wp-block-column-is-layout-flow\">\n<figure class=\"wp-block-gallery has-nested-images columns-default is-cropped wp-block-gallery-1 is-layout-flex wp-block-gallery-is-layout-flex\">\n<figure class=\"wp-block-image size-large is-style-default\"><img loading=\"lazy\" decoding=\"async\" width=\"2048\" height=\"1536\" data-id=\"496\" src=\"https:\/\/livametal.com\/wp-content\/uploads\/2022\/06\/WhatsApp-Image-2022-06-14-at-10.56.47-1-1.jpeg\" alt=\"\" class=\"wp-image-496\" srcset=\"https:\/\/livametal.com\/wp-content\/uploads\/2022\/06\/WhatsApp-Image-2022-06-14-at-10.56.47-1-1.jpeg 2048w, https:\/\/livametal.com\/wp-content\/uploads\/2022\/06\/WhatsApp-Image-2022-06-14-at-10.56.47-1-1-300x225.jpeg 300w, https:\/\/livametal.com\/wp-content\/uploads\/2022\/06\/WhatsApp-Image-2022-06-14-at-10.56.47-1-1-1024x768.jpeg 1024w, https:\/\/livametal.com\/wp-content\/uploads\/2022\/06\/WhatsApp-Image-2022-06-14-at-10.56.47-1-1-768x576.jpeg 768w, https:\/\/livametal.com\/wp-content\/uploads\/2022\/06\/WhatsApp-Image-2022-06-14-at-10.56.47-1-1-1536x1152.jpeg 1536w\" sizes=\"auto, (max-width: 2048px) 100vw, 2048px\" \/><\/figure>\n\n\n\n<figure class=\"wp-block-image size-large\"><img loading=\"lazy\" decoding=\"async\" width=\"2048\" height=\"1536\" data-id=\"495\" src=\"https:\/\/livametal.com\/wp-content\/uploads\/2022\/06\/WhatsApp-Image-2022-06-14-at-10.56.48-4-1.jpeg\" alt=\"\" class=\"wp-image-495\" srcset=\"https:\/\/livametal.com\/wp-content\/uploads\/2022\/06\/WhatsApp-Image-2022-06-14-at-10.56.48-4-1.jpeg 2048w, https:\/\/livametal.com\/wp-content\/uploads\/2022\/06\/WhatsApp-Image-2022-06-14-at-10.56.48-4-1-300x225.jpeg 300w, https:\/\/livametal.com\/wp-content\/uploads\/2022\/06\/WhatsApp-Image-2022-06-14-at-10.56.48-4-1-1024x768.jpeg 1024w, https:\/\/livametal.com\/wp-content\/uploads\/2022\/06\/WhatsApp-Image-2022-06-14-at-10.56.48-4-1-768x576.jpeg 768w, https:\/\/livametal.com\/wp-content\/uploads\/2022\/06\/WhatsApp-Image-2022-06-14-at-10.56.48-4-1-1536x1152.jpeg 1536w\" sizes=\"auto, (max-width: 2048px) 100vw, 2048px\" \/><\/figure>\n\n\n\n<figure class=\"wp-block-image size-large\"><img loading=\"lazy\" decoding=\"async\" width=\"2048\" height=\"1536\" data-id=\"484\" src=\"https:\/\/livametal.com\/wp-content\/uploads\/2022\/06\/WhatsApp-Image-2022-06-14-at-10.56.47-5-1.jpeg\" alt=\"\" class=\"wp-image-484\" srcset=\"https:\/\/livametal.com\/wp-content\/uploads\/2022\/06\/WhatsApp-Image-2022-06-14-at-10.56.47-5-1.jpeg 2048w, https:\/\/livametal.com\/wp-content\/uploads\/2022\/06\/WhatsApp-Image-2022-06-14-at-10.56.47-5-1-300x225.jpeg 300w, https:\/\/livametal.com\/wp-content\/uploads\/2022\/06\/WhatsApp-Image-2022-06-14-at-10.56.47-5-1-1024x768.jpeg 1024w, https:\/\/livametal.com\/wp-content\/uploads\/2022\/06\/WhatsApp-Image-2022-06-14-at-10.56.47-5-1-768x576.jpeg 768w, https:\/\/livametal.com\/wp-content\/uploads\/2022\/06\/WhatsApp-Image-2022-06-14-at-10.56.47-5-1-1536x1152.jpeg 1536w\" sizes=\"auto, (max-width: 2048px) 100vw, 2048px\" \/><\/figure>\n\n\n\n<figure class=\"wp-block-image size-large\"><img loading=\"lazy\" decoding=\"async\" width=\"2048\" height=\"1536\" data-id=\"487\" src=\"https:\/\/livametal.com\/wp-content\/uploads\/2022\/06\/WhatsApp-Image-2022-06-14-at-10.56.48-4.jpeg\" alt=\"\" class=\"wp-image-487\" srcset=\"https:\/\/livametal.com\/wp-content\/uploads\/2022\/06\/WhatsApp-Image-2022-06-14-at-10.56.48-4.jpeg 2048w, https:\/\/livametal.com\/wp-content\/uploads\/2022\/06\/WhatsApp-Image-2022-06-14-at-10.56.48-4-300x225.jpeg 300w, https:\/\/livametal.com\/wp-content\/uploads\/2022\/06\/WhatsApp-Image-2022-06-14-at-10.56.48-4-1024x768.jpeg 1024w, https:\/\/livametal.com\/wp-content\/uploads\/2022\/06\/WhatsApp-Image-2022-06-14-at-10.56.48-4-768x576.jpeg 768w, https:\/\/livametal.com\/wp-content\/uploads\/2022\/06\/WhatsApp-Image-2022-06-14-at-10.56.48-4-1536x1152.jpeg 1536w\" sizes=\"auto, (max-width: 2048px) 100vw, 2048px\" \/><\/figure>\n\n\n\n<figure class=\"wp-block-image size-large\"><img loading=\"lazy\" decoding=\"async\" width=\"2048\" height=\"1536\" data-id=\"483\" src=\"https:\/\/livametal.com\/wp-content\/uploads\/2022\/06\/WhatsApp-Image-2022-06-14-at-10.56.48-5.jpeg\" alt=\"\" class=\"wp-image-483\" srcset=\"https:\/\/livametal.com\/wp-content\/uploads\/2022\/06\/WhatsApp-Image-2022-06-14-at-10.56.48-5.jpeg 2048w, https:\/\/livametal.com\/wp-content\/uploads\/2022\/06\/WhatsApp-Image-2022-06-14-at-10.56.48-5-300x225.jpeg 300w, https:\/\/livametal.com\/wp-content\/uploads\/2022\/06\/WhatsApp-Image-2022-06-14-at-10.56.48-5-1024x768.jpeg 1024w, https:\/\/livametal.com\/wp-content\/uploads\/2022\/06\/WhatsApp-Image-2022-06-14-at-10.56.48-5-768x576.jpeg 768w, https:\/\/livametal.com\/wp-content\/uploads\/2022\/06\/WhatsApp-Image-2022-06-14-at-10.56.48-5-1536x1152.jpeg 1536w\" sizes=\"auto, (max-width: 2048px) 100vw, 2048px\" \/><\/figure>\n<\/figure>\n<\/div>\n<\/div>\n\n\n\n<div class=\"wp-block-columns is-layout-flex wp-container-core-columns-is-layout-9d6595d7 wp-block-columns-is-layout-flex\">\n<div class=\"wp-block-column is-layout-flow wp-block-column-is-layout-flow\">\n<figure class=\"wp-block-image size-large\"><img loading=\"lazy\" decoding=\"async\" width=\"1024\" height=\"768\" src=\"https:\/\/livametal.com\/wp-content\/uploads\/2022\/06\/WhatsApp-Image-2022-06-14-at-10.56.47-5-1024x768.jpeg\" alt=\"\" class=\"wp-image-474\" srcset=\"https:\/\/livametal.com\/wp-content\/uploads\/2022\/06\/WhatsApp-Image-2022-06-14-at-10.56.47-5-1024x768.jpeg 1024w, https:\/\/livametal.com\/wp-content\/uploads\/2022\/06\/WhatsApp-Image-2022-06-14-at-10.56.47-5-300x225.jpeg 300w, https:\/\/livametal.com\/wp-content\/uploads\/2022\/06\/WhatsApp-Image-2022-06-14-at-10.56.47-5-768x576.jpeg 768w, https:\/\/livametal.com\/wp-content\/uploads\/2022\/06\/WhatsApp-Image-2022-06-14-at-10.56.47-5-1536x1152.jpeg 1536w, https:\/\/livametal.com\/wp-content\/uploads\/2022\/06\/WhatsApp-Image-2022-06-14-at-10.56.47-5.jpeg 2048w\" sizes=\"auto, (max-width: 1024px) 100vw, 1024px\" \/><\/figure>\n<\/div>\n\n\n\n<div class=\"wp-block-column is-layout-flow wp-block-column-is-layout-flow\">\n<figure class=\"wp-block-image size-large\"><img loading=\"lazy\" decoding=\"async\" width=\"1024\" height=\"768\" src=\"https:\/\/livametal.com\/wp-content\/uploads\/2022\/06\/WhatsApp-Image-2022-06-14-at-10.56.47-3-1024x768.jpeg\" alt=\"\" class=\"wp-image-475\" srcset=\"https:\/\/livametal.com\/wp-content\/uploads\/2022\/06\/WhatsApp-Image-2022-06-14-at-10.56.47-3-1024x768.jpeg 1024w, https:\/\/livametal.com\/wp-content\/uploads\/2022\/06\/WhatsApp-Image-2022-06-14-at-10.56.47-3-300x225.jpeg 300w, https:\/\/livametal.com\/wp-content\/uploads\/2022\/06\/WhatsApp-Image-2022-06-14-at-10.56.47-3-768x576.jpeg 768w, https:\/\/livametal.com\/wp-content\/uploads\/2022\/06\/WhatsApp-Image-2022-06-14-at-10.56.47-3-1536x1152.jpeg 1536w, https:\/\/livametal.com\/wp-content\/uploads\/2022\/06\/WhatsApp-Image-2022-06-14-at-10.56.47-3.jpeg 2048w\" sizes=\"auto, (max-width: 1024px) 100vw, 1024px\" \/><\/figure>\n<\/div>\n\n\n\n<div class=\"wp-block-column is-layout-flow wp-block-column-is-layout-flow\">\n<figure class=\"wp-block-image size-large\"><img loading=\"lazy\" decoding=\"async\" width=\"1024\" height=\"768\" src=\"https:\/\/livametal.com\/wp-content\/uploads\/2022\/06\/WhatsApp-Image-2022-06-14-at-10.56.47-1-1024x768.jpeg\" alt=\"\" class=\"wp-image-477\" srcset=\"https:\/\/livametal.com\/wp-content\/uploads\/2022\/06\/WhatsApp-Image-2022-06-14-at-10.56.47-1-1024x768.jpeg 1024w, https:\/\/livametal.com\/wp-content\/uploads\/2022\/06\/WhatsApp-Image-2022-06-14-at-10.56.47-1-300x225.jpeg 300w, https:\/\/livametal.com\/wp-content\/uploads\/2022\/06\/WhatsApp-Image-2022-06-14-at-10.56.47-1-768x576.jpeg 768w, https:\/\/livametal.com\/wp-content\/uploads\/2022\/06\/WhatsApp-Image-2022-06-14-at-10.56.47-1-1536x1152.jpeg 1536w, https:\/\/livametal.com\/wp-content\/uploads\/2022\/06\/WhatsApp-Image-2022-06-14-at-10.56.47-1.jpeg 2048w\" sizes=\"auto, (max-width: 1024px) 100vw, 1024px\" \/><\/figure>\n<\/div>\n<\/div>\n\n\n\n<div class=\"wp-block-columns is-layout-flex wp-container-core-columns-is-layout-9d6595d7 wp-block-columns-is-layout-flex\">\n<div class=\"wp-block-column is-layout-flow wp-block-column-is-layout-flow\">\n<figure class=\"wp-block-image size-large\"><img loading=\"lazy\" decoding=\"async\" width=\"768\" height=\"1024\" src=\"https:\/\/livametal.com\/wp-content\/uploads\/2022\/06\/WhatsApp-Image-2022-06-14-at-10.56.37-768x1024.jpeg\" alt=\"\" class=\"wp-image-478\" srcset=\"https:\/\/livametal.com\/wp-content\/uploads\/2022\/06\/WhatsApp-Image-2022-06-14-at-10.56.37-768x1024.jpeg 768w, https:\/\/livametal.com\/wp-content\/uploads\/2022\/06\/WhatsApp-Image-2022-06-14-at-10.56.37-225x300.jpeg 225w, https:\/\/livametal.com\/wp-content\/uploads\/2022\/06\/WhatsApp-Image-2022-06-14-at-10.56.37-1152x1536.jpeg 1152w, https:\/\/livametal.com\/wp-content\/uploads\/2022\/06\/WhatsApp-Image-2022-06-14-at-10.56.37.jpeg 1536w\" sizes=\"auto, (max-width: 768px) 100vw, 768px\" \/><\/figure>\n<\/div>\n\n\n\n<div class=\"wp-block-column is-layout-flow wp-block-column-is-layout-flow\">\n<figure class=\"wp-block-image size-large\"><img loading=\"lazy\" decoding=\"async\" width=\"768\" height=\"1024\" src=\"https:\/\/livametal.com\/wp-content\/uploads\/2022\/06\/WhatsApp-Image-2022-06-14-at-10.56.42-768x1024.jpeg\" alt=\"\" class=\"wp-image-479\" srcset=\"https:\/\/livametal.com\/wp-content\/uploads\/2022\/06\/WhatsApp-Image-2022-06-14-at-10.56.42-768x1024.jpeg 768w, https:\/\/livametal.com\/wp-content\/uploads\/2022\/06\/WhatsApp-Image-2022-06-14-at-10.56.42-225x300.jpeg 225w, https:\/\/livametal.com\/wp-content\/uploads\/2022\/06\/WhatsApp-Image-2022-06-14-at-10.56.42-1152x1536.jpeg 1152w, https:\/\/livametal.com\/wp-content\/uploads\/2022\/06\/WhatsApp-Image-2022-06-14-at-10.56.42.jpeg 1536w\" sizes=\"auto, (max-width: 768px) 100vw, 768px\" \/><\/figure>\n<\/div>\n\n\n\n<div class=\"wp-block-column is-layout-flow wp-block-column-is-layout-flow\">\n<figure class=\"wp-block-image size-large\"><img loading=\"lazy\" decoding=\"async\" width=\"768\" height=\"1024\" src=\"https:\/\/livametal.com\/wp-content\/uploads\/2022\/06\/WhatsApp-Image-2022-06-14-at-10.56.47-2-768x1024.jpeg\" alt=\"\" class=\"wp-image-480\" srcset=\"https:\/\/livametal.com\/wp-content\/uploads\/2022\/06\/WhatsApp-Image-2022-06-14-at-10.56.47-2-768x1024.jpeg 768w, https:\/\/livametal.com\/wp-content\/uploads\/2022\/06\/WhatsApp-Image-2022-06-14-at-10.56.47-2-225x300.jpeg 225w, https:\/\/livametal.com\/wp-content\/uploads\/2022\/06\/WhatsApp-Image-2022-06-14-at-10.56.47-2-1152x1536.jpeg 1152w, https:\/\/livametal.com\/wp-content\/uploads\/2022\/06\/WhatsApp-Image-2022-06-14-at-10.56.47-2.jpeg 1536w\" sizes=\"auto, (max-width: 768px) 100vw, 768px\" \/><\/figure>\n<\/div>\n<\/div>\n\n\n\n<div class=\"wp-block-columns is-layout-flex wp-container-core-columns-is-layout-9d6595d7 wp-block-columns-is-layout-flex\">\n<div class=\"wp-block-column is-layout-flow wp-block-column-is-layout-flow\">\n<figure class=\"wp-block-image size-large\"><img loading=\"lazy\" decoding=\"async\" width=\"1024\" height=\"768\" src=\"https:\/\/livametal.com\/wp-content\/uploads\/2022\/06\/WhatsApp-Image-2022-06-14-at-10.56.49-4-1024x768.jpeg\" alt=\"\" class=\"wp-image-481\" srcset=\"https:\/\/livametal.com\/wp-content\/uploads\/2022\/06\/WhatsApp-Image-2022-06-14-at-10.56.49-4-1024x768.jpeg 1024w, https:\/\/livametal.com\/wp-content\/uploads\/2022\/06\/WhatsApp-Image-2022-06-14-at-10.56.49-4-300x225.jpeg 300w, https:\/\/livametal.com\/wp-content\/uploads\/2022\/06\/WhatsApp-Image-2022-06-14-at-10.56.49-4-768x576.jpeg 768w, https:\/\/livametal.com\/wp-content\/uploads\/2022\/06\/WhatsApp-Image-2022-06-14-at-10.56.49-4-1536x1152.jpeg 1536w, https:\/\/livametal.com\/wp-content\/uploads\/2022\/06\/WhatsApp-Image-2022-06-14-at-10.56.49-4.jpeg 1600w\" sizes=\"auto, (max-width: 1024px) 100vw, 1024px\" \/><\/figure>\n<\/div>\n\n\n\n<div class=\"wp-block-column is-layout-flow wp-block-column-is-layout-flow\">\n<figure class=\"wp-block-image size-large\"><img loading=\"lazy\" decoding=\"async\" width=\"1024\" height=\"768\" src=\"https:\/\/livametal.com\/wp-content\/uploads\/2022\/06\/WhatsApp-Image-2022-06-14-at-10.56.50-2-1024x768.jpeg\" alt=\"\" class=\"wp-image-482\" srcset=\"https:\/\/livametal.com\/wp-content\/uploads\/2022\/06\/WhatsApp-Image-2022-06-14-at-10.56.50-2-1024x768.jpeg 1024w, https:\/\/livametal.com\/wp-content\/uploads\/2022\/06\/WhatsApp-Image-2022-06-14-at-10.56.50-2-300x225.jpeg 300w, https:\/\/livametal.com\/wp-content\/uploads\/2022\/06\/WhatsApp-Image-2022-06-14-at-10.56.50-2-768x576.jpeg 768w, https:\/\/livametal.com\/wp-content\/uploads\/2022\/06\/WhatsApp-Image-2022-06-14-at-10.56.50-2-1536x1152.jpeg 1536w, https:\/\/livametal.com\/wp-content\/uploads\/2022\/06\/WhatsApp-Image-2022-06-14-at-10.56.50-2.jpeg 1600w\" sizes=\"auto, (max-width: 1024px) 100vw, 1024px\" \/><\/figure>\n<\/div>\n\n\n\n<div class=\"wp-block-column is-layout-flow wp-block-column-is-layout-flow\">\n<figure class=\"wp-block-image size-large\"><img loading=\"lazy\" decoding=\"async\" width=\"1024\" height=\"768\" src=\"https:\/\/livametal.com\/wp-content\/uploads\/2022\/06\/WhatsApp-Image-2022-06-14-at-10.56.48-5-1024x768.jpeg\" alt=\"\" class=\"wp-image-483\" srcset=\"https:\/\/livametal.com\/wp-content\/uploads\/2022\/06\/WhatsApp-Image-2022-06-14-at-10.56.48-5-1024x768.jpeg 1024w, https:\/\/livametal.com\/wp-content\/uploads\/2022\/06\/WhatsApp-Image-2022-06-14-at-10.56.48-5-300x225.jpeg 300w, https:\/\/livametal.com\/wp-content\/uploads\/2022\/06\/WhatsApp-Image-2022-06-14-at-10.56.48-5-768x576.jpeg 768w, https:\/\/livametal.com\/wp-content\/uploads\/2022\/06\/WhatsApp-Image-2022-06-14-at-10.56.48-5-1536x1152.jpeg 1536w, https:\/\/livametal.com\/wp-content\/uploads\/2022\/06\/WhatsApp-Image-2022-06-14-at-10.56.48-5.jpeg 2048w\" sizes=\"auto, (max-width: 1024px) 100vw, 1024px\" \/><\/figure>\n<\/div>\n<\/div>\n\n\n\n<div class=\"wp-block-columns is-layout-flex wp-container-core-columns-is-layout-9d6595d7 wp-block-columns-is-layout-flex\">\n<div class=\"wp-block-column is-layout-flow wp-block-column-is-layout-flow\"><\/div>\n<\/div>\n\n\n\n<p><\/p>\n","protected":false},"excerpt":{"rendered":"","protected":false},"author":1,"featured_media":0,"parent":0,"menu_order":0,"comment_status":"closed","ping_status":"closed","template":"","meta":{"neve_meta_sidebar":"default","neve_meta_container":"","neve_meta_enable_content_width":"","neve_meta_content_width":0,"neve_meta_title_alignment":"","neve_meta_author_avatar":"","neve_post_elements_order":"","neve_meta_disable_header":"","neve_meta_disable_footer":"","neve_meta_disable_title":"on","footnotes":""},"class_list":["post-392","page","type-page","status-publish","hentry"],"yoast_head":"<!-- This site is optimized with the Yoast SEO plugin v27.4 - https:\/\/yoast.com\/product\/yoast-seo-wordpress\/ -->\n<title>GALER\u0130 - METAL<\/title>\n<meta name=\"description\" content=\"Y\u0131llard\u0131r sekt\u00f6rde \u00f6nc\u00fc olan firmam\u0131z, geni\u015f \u00fcretim band\u0131 sayesinde sizlere en kaliteli hizmeti en uygun fiyatlara sunmaktad\u0131r.\" \/>\n<meta name=\"robots\" content=\"index, follow, max-snippet:-1, max-image-preview:large, max-video-preview:-1\" \/>\n<link rel=\"canonical\" href=\"https:\/\/livametal.com\/?page_id=392\" \/>\n<meta property=\"og:locale\" content=\"tr_TR\" \/>\n<meta property=\"og:type\" content=\"article\" \/>\n<meta property=\"og:title\" content=\"GALER\u0130 - METAL\" \/>\n<meta property=\"og:description\" content=\"Y\u0131llard\u0131r sekt\u00f6rde \u00f6nc\u00fc olan firmam\u0131z, geni\u015f \u00fcretim band\u0131 sayesinde sizlere en kaliteli hizmeti en uygun fiyatlara sunmaktad\u0131r.\" \/>\n<meta property=\"og:url\" content=\"https:\/\/livametal.com\/?page_id=392\" \/>\n<meta property=\"og:site_name\" content=\"METAL\" \/>\n<meta property=\"article:modified_time\" content=\"2022-07-20T08:18:34+00:00\" \/>\n<meta property=\"og:image\" content=\"https:\/\/livametal.com\/wp-content\/uploads\/2022\/06\/WhatsApp-Image-2022-06-14-at-10.56.47-1-1.jpeg\" \/>\n<meta name=\"twitter:card\" content=\"summary_large_image\" \/>\n<meta name=\"twitter:label1\" content=\"Tahmini okuma s\u00fcresi\" \/>\n\t<meta name=\"twitter:data1\" content=\"3 dakika\" \/>\n<script type=\"application\/ld+json\" class=\"yoast-schema-graph\">{\"@context\":\"https:\\\/\\\/schema.org\",\"@graph\":[{\"@type\":\"WebPage\",\"@id\":\"https:\\\/\\\/livametal.com\\\/?page_id=392\",\"url\":\"https:\\\/\\\/livametal.com\\\/?page_id=392\",\"name\":\"GALER\u0130 - METAL\",\"isPartOf\":{\"@id\":\"https:\\\/\\\/livametal.com\\\/#website\"},\"primaryImageOfPage\":{\"@id\":\"https:\\\/\\\/livametal.com\\\/?page_id=392#primaryimage\"},\"image\":{\"@id\":\"https:\\\/\\\/livametal.com\\\/?page_id=392#primaryimage\"},\"thumbnailUrl\":\"https:\\\/\\\/livametal.com\\\/wp-content\\\/uploads\\\/2022\\\/06\\\/WhatsApp-Image-2022-06-14-at-10.56.47-1-1.jpeg\",\"datePublished\":\"2022-05-18T15:06:24+00:00\",\"dateModified\":\"2022-07-20T08:18:34+00:00\",\"description\":\"Y\u0131llard\u0131r sekt\u00f6rde \u00f6nc\u00fc olan firmam\u0131z, geni\u015f \u00fcretim band\u0131 sayesinde sizlere en kaliteli hizmeti en uygun fiyatlara sunmaktad\u0131r.\",\"breadcrumb\":{\"@id\":\"https:\\\/\\\/livametal.com\\\/?page_id=392#breadcrumb\"},\"inLanguage\":\"tr\",\"potentialAction\":[{\"@type\":\"ReadAction\",\"target\":[\"https:\\\/\\\/livametal.com\\\/?page_id=392\"]}]},{\"@type\":\"ImageObject\",\"inLanguage\":\"tr\",\"@id\":\"https:\\\/\\\/livametal.com\\\/?page_id=392#primaryimage\",\"url\":\"https:\\\/\\\/livametal.com\\\/wp-content\\\/uploads\\\/2022\\\/06\\\/WhatsApp-Image-2022-06-14-at-10.56.47-1-1.jpeg\",\"contentUrl\":\"https:\\\/\\\/livametal.com\\\/wp-content\\\/uploads\\\/2022\\\/06\\\/WhatsApp-Image-2022-06-14-at-10.56.47-1-1.jpeg\",\"width\":2048,\"height\":1536},{\"@type\":\"BreadcrumbList\",\"@id\":\"https:\\\/\\\/livametal.com\\\/?page_id=392#breadcrumb\",\"itemListElement\":[{\"@type\":\"ListItem\",\"position\":1,\"name\":\"Anasayfa\",\"item\":\"https:\\\/\\\/livametal.com\\\/\"},{\"@type\":\"ListItem\",\"position\":2,\"name\":\"GALER\u0130\"}]},{\"@type\":\"WebSite\",\"@id\":\"https:\\\/\\\/livametal.com\\\/#website\",\"url\":\"https:\\\/\\\/livametal.com\\\/\",\"name\":\"METAL\",\"description\":\"\",\"publisher\":{\"@id\":\"https:\\\/\\\/livametal.com\\\/#organization\"},\"potentialAction\":[{\"@type\":\"SearchAction\",\"target\":{\"@type\":\"EntryPoint\",\"urlTemplate\":\"https:\\\/\\\/livametal.com\\\/?s={search_term_string}\"},\"query-input\":{\"@type\":\"PropertyValueSpecification\",\"valueRequired\":true,\"valueName\":\"search_term_string\"}}],\"inLanguage\":\"tr\"},{\"@type\":\"Organization\",\"@id\":\"https:\\\/\\\/livametal.com\\\/#organization\",\"name\":\"L\u0130VA METAL\",\"url\":\"https:\\\/\\\/livametal.com\\\/\",\"logo\":{\"@type\":\"ImageObject\",\"inLanguage\":\"tr\",\"@id\":\"https:\\\/\\\/livametal.com\\\/#\\\/schema\\\/logo\\\/image\\\/\",\"url\":\"https:\\\/\\\/livametal.com\\\/wp-content\\\/uploads\\\/2022\\\/05\\\/LIVA-LOGO.jpg\",\"contentUrl\":\"https:\\\/\\\/livametal.com\\\/wp-content\\\/uploads\\\/2022\\\/05\\\/LIVA-LOGO.jpg\",\"width\":945,\"height\":453,\"caption\":\"L\u0130VA METAL\"},\"image\":{\"@id\":\"https:\\\/\\\/livametal.com\\\/#\\\/schema\\\/logo\\\/image\\\/\"}}]}<\/script>\n<!-- \/ Yoast SEO plugin. -->","yoast_head_json":{"title":"GALER\u0130 - METAL","description":"Y\u0131llard\u0131r sekt\u00f6rde \u00f6nc\u00fc olan firmam\u0131z, geni\u015f \u00fcretim band\u0131 sayesinde sizlere en kaliteli hizmeti en uygun fiyatlara sunmaktad\u0131r.","robots":{"index":"index","follow":"follow","max-snippet":"max-snippet:-1","max-image-preview":"max-image-preview:large","max-video-preview":"max-video-preview:-1"},"canonical":"https:\/\/livametal.com\/?page_id=392","og_locale":"tr_TR","og_type":"article","og_title":"GALER\u0130 - METAL","og_description":"Y\u0131llard\u0131r sekt\u00f6rde \u00f6nc\u00fc olan firmam\u0131z, geni\u015f \u00fcretim band\u0131 sayesinde sizlere en kaliteli hizmeti en uygun fiyatlara sunmaktad\u0131r.","og_url":"https:\/\/livametal.com\/?page_id=392","og_site_name":"METAL","article_modified_time":"2022-07-20T08:18:34+00:00","og_image":[{"url":"https:\/\/livametal.com\/wp-content\/uploads\/2022\/06\/WhatsApp-Image-2022-06-14-at-10.56.47-1-1.jpeg","type":"","width":"","height":""}],"twitter_card":"summary_large_image","twitter_misc":{"Tahmini okuma s\u00fcresi":"3 dakika"},"schema":{"@context":"https:\/\/schema.org","@graph":[{"@type":"WebPage","@id":"https:\/\/livametal.com\/?page_id=392","url":"https:\/\/livametal.com\/?page_id=392","name":"GALER\u0130 - METAL","isPartOf":{"@id":"https:\/\/livametal.com\/#website"},"primaryImageOfPage":{"@id":"https:\/\/livametal.com\/?page_id=392#primaryimage"},"image":{"@id":"https:\/\/livametal.com\/?page_id=392#primaryimage"},"thumbnailUrl":"https:\/\/livametal.com\/wp-content\/uploads\/2022\/06\/WhatsApp-Image-2022-06-14-at-10.56.47-1-1.jpeg","datePublished":"2022-05-18T15:06:24+00:00","dateModified":"2022-07-20T08:18:34+00:00","description":"Y\u0131llard\u0131r sekt\u00f6rde \u00f6nc\u00fc olan firmam\u0131z, geni\u015f \u00fcretim band\u0131 sayesinde sizlere en kaliteli hizmeti en uygun fiyatlara sunmaktad\u0131r.","breadcrumb":{"@id":"https:\/\/livametal.com\/?page_id=392#breadcrumb"},"inLanguage":"tr","potentialAction":[{"@type":"ReadAction","target":["https:\/\/livametal.com\/?page_id=392"]}]},{"@type":"ImageObject","inLanguage":"tr","@id":"https:\/\/livametal.com\/?page_id=392#primaryimage","url":"https:\/\/livametal.com\/wp-content\/uploads\/2022\/06\/WhatsApp-Image-2022-06-14-at-10.56.47-1-1.jpeg","contentUrl":"https:\/\/livametal.com\/wp-content\/uploads\/2022\/06\/WhatsApp-Image-2022-06-14-at-10.56.47-1-1.jpeg","width":2048,"height":1536},{"@type":"BreadcrumbList","@id":"https:\/\/livametal.com\/?page_id=392#breadcrumb","itemListElement":[{"@type":"ListItem","position":1,"name":"Anasayfa","item":"https:\/\/livametal.com\/"},{"@type":"ListItem","position":2,"name":"GALER\u0130"}]},{"@type":"WebSite","@id":"https:\/\/livametal.com\/#website","url":"https:\/\/livametal.com\/","name":"METAL","description":"","publisher":{"@id":"https:\/\/livametal.com\/#organization"},"potentialAction":[{"@type":"SearchAction","target":{"@type":"EntryPoint","urlTemplate":"https:\/\/livametal.com\/?s={search_term_string}"},"query-input":{"@type":"PropertyValueSpecification","valueRequired":true,"valueName":"search_term_string"}}],"inLanguage":"tr"},{"@type":"Organization","@id":"https:\/\/livametal.com\/#organization","name":"L\u0130VA METAL","url":"https:\/\/livametal.com\/","logo":{"@type":"ImageObject","inLanguage":"tr","@id":"https:\/\/livametal.com\/#\/schema\/logo\/image\/","url":"https:\/\/livametal.com\/wp-content\/uploads\/2022\/05\/LIVA-LOGO.jpg","contentUrl":"https:\/\/livametal.com\/wp-content\/uploads\/2022\/05\/LIVA-LOGO.jpg","width":945,"height":453,"caption":"L\u0130VA METAL"},"image":{"@id":"https:\/\/livametal.com\/#\/schema\/logo\/image\/"}}]}},"_links":{"self":[{"href":"https:\/\/livametal.com\/index.php?rest_route=\/wp\/v2\/pages\/392","targetHints":{"allow":["GET"]}}],"collection":[{"href":"https:\/\/livametal.com\/index.php?rest_route=\/wp\/v2\/pages"}],"about":[{"href":"https:\/\/livametal.com\/index.php?rest_route=\/wp\/v2\/types\/page"}],"author":[{"embeddable":true,"href":"https:\/\/livametal.com\/index.php?rest_route=\/wp\/v2\/users\/1"}],"replies":[{"embeddable":true,"href":"https:\/\/livametal.com\/index.php?rest_route=%2Fwp%2Fv2%2Fcomments&post=392"}],"version-history":[{"count":10,"href":"https:\/\/livametal.com\/index.php?rest_route=\/wp\/v2\/pages\/392\/revisions"}],"predecessor-version":[{"id":516,"href":"https:\/\/livametal.com\/index.php?rest_route=\/wp\/v2\/pages\/392\/revisions\/516"}],"wp:attachment":[{"href":"https:\/\/livametal.com\/index.php?rest_route=%2Fwp%2Fv2%2Fmedia&parent=392"}],"curies":[{"name":"wp","href":"https:\/\/api.w.org\/{rel}","templated":true}]}}